{"id":4874,"date":"2025-04-10T10:00:58","date_gmt":"2025-04-10T08:00:58","guid":{"rendered":"https:\/\/ethik-der-textkulturen.de\/etk\/?page_id=4874"},"modified":"2026-03-25T14:42:48","modified_gmt":"2026-03-25T12:42:48","slug":"ensemble-der-taktkulturen","status":"publish","type":"page","link":"https:\/\/ethik-der-textkulturen.de\/etk\/ueber-uns\/ensemble-der-taktkulturen\/","title":{"rendered":"Ensemble der Taktkulturen"},"content":{"rendered":"\n<h2 class=\"wp-block-heading has-vivid-cyan-blue-color has-text-color has-link-color wp-elements-ec083000f0e15e91e3db8fff9be32606\">Herzlich willkommen beim Ensemble der Taktkulturen!<\/h2>\n\n\n\n<figure class=\"wp-block-image size-large\"><img loading=\"lazy\" decoding=\"async\" width=\"750\" height=\"490\" src=\"https:\/\/ethik-der-textkulturen.de\/etk\/wp-content\/uploads\/2026\/02\/WhatsApp-Image-2026-02-15-at-11.40.15-750x490.jpeg\" alt=\"\" class=\"wp-image-5031\" srcset=\"https:\/\/ethik-der-textkulturen.de\/etk\/wp-content\/uploads\/2026\/02\/WhatsApp-Image-2026-02-15-at-11.40.15-750x490.jpeg 750w, https:\/\/ethik-der-textkulturen.de\/etk\/wp-content\/uploads\/2026\/02\/WhatsApp-Image-2026-02-15-at-11.40.15-370x242.jpeg 370w, https:\/\/ethik-der-textkulturen.de\/etk\/wp-content\/uploads\/2026\/02\/WhatsApp-Image-2026-02-15-at-11.40.15-175x114.jpeg 175w, https:\/\/ethik-der-textkulturen.de\/etk\/wp-content\/uploads\/2026\/02\/WhatsApp-Image-2026-02-15-at-11.40.15-768x501.jpeg 768w, https:\/\/ethik-der-textkulturen.de\/etk\/wp-content\/uploads\/2026\/02\/WhatsApp-Image-2026-02-15-at-11.40.15-1536x1003.jpeg 1536w, https:\/\/ethik-der-textkulturen.de\/etk\/wp-content\/uploads\/2026\/02\/WhatsApp-Image-2026-02-15-at-11.40.15.jpeg 2048w\" sizes=\"(max-width: 750px) 100vw, 750px\" \/><\/figure>\n\n\n\n<p>Wir aktive und ehemalige Studierende von Ethik der Textkulturen in Erlangen haben uns mit ein paar Freund:innen zusammengetan und 2022 das Ensemble der Taktkulturen gegr\u00fcndet. Gemeinsam machen wir seitdem Musik und stellen jedes Semester ein fantastisches Konzert auf die Beine!<\/p>\n\n\n\n<p>Wir spielen und singen Musik aus allen Jahrhunderten und Genres &#8211; der Kreativit\u00e4t sind keine Grenzen gesetzt. <\/p>\n\n\n\n<figure class=\"wp-block-video\"><video controls src=\"https:\/\/ethik-der-textkulturen.de\/etk\/wp-content\/uploads\/2025\/04\/One-Candle.mp4\"><\/video><figcaption class=\"wp-element-caption\">One Candle (Andy Beck)<\/figcaption><\/figure>\n\n\n\n<h3 class=\"wp-block-heading\">Interesse? <\/h3>\n\n\n\n<p>Wir freuen uns immer \u00fcber neue Mitglieder im Chor oder den Instrumentalgruppen! Aktuell suchen wir besonders nach m\u00e4nnlichen Singstimmen (Tenor, Bariton und Bass).<br>Die Proben finden w\u00e4hrend des Semesters immer donnerstags von 18:00-20:00 Uhr im H\u00f6rsaal C (Kochstra\u00dfe 4, 91054 Erlangen) statt.<\/p>\n\n\n\n<p>Voraussetzung: Spa\u00df am Singen\/Instrument und etwas musikalische Erfahrung<\/p>\n\n\n\n<p>Bei Interesse reicht eine kurze Nachricht an: <a href=\"mailto:judith.willberg@fau.de\" data-type=\"mailto\" data-id=\"mailto:judith.willberg@fau.de\">Judith Willberg<\/a><\/p>\n\n\n\n<h2 class=\"wp-block-heading\">Aktuelle Termine<\/h2>\n\n\n\n<figure class=\"wp-block-table is-style-stripes\"><table><tbody><tr><td>02.04.2026<br>18:00 Uhr<\/td><td>H\u00f6rsaal C<br>Kochstra\u00dfe 4, 91054 Erlangen<\/td><td><strong>Probenbeginn Sommersemester 2026<\/strong><\/td><\/tr><tr><td>18.04.2026<br>09:00 Uhr<\/td><td>Musiksaal Orangerie<br>Schlossgarten 1, 91054 Erlangen<\/td><td><strong>Probentag<\/strong><\/td><\/tr><tr><td>10.05.2026<br>18:00 Uhr<\/td><td>Neust\u00e4dter Kirche<br>Neust\u00e4dter Kirchenplatz, 91054 Erlangen<\/td><td><strong>Konzert<\/strong><\/td><\/tr><\/tbody><\/table><\/figure>\n\n\n\n<h2 class=\"wp-block-heading\">R\u00fcckschau<\/h2>\n\n\n\n<h3 class=\"wp-block-heading\"><a href=\"https:\/\/ethik-der-textkulturen.de\/etk\/14-februar-2026-konzert-des-ensembles-der-taktkulturen-in-nuernberg\/\" data-type=\"post\" data-id=\"5004\">Winterkonzert 2026<\/a><\/h3>\n\n\n\n<figure class=\"wp-block-video\"><video controls src=\"https:\/\/ethik-der-textkulturen.de\/etk\/wp-content\/uploads\/2026\/03\/Love-is-an-open-door_klein.mp4\"><\/video><figcaption class=\"wp-element-caption\">Love is an Open Door (Kristen Anderson-Lopez, Robert Lopez)<\/figcaption><\/figure>\n\n\n\n<figure class=\"wp-block-gallery has-nested-images columns-default is-cropped wp-block-gallery-1 is-layout-flex wp-block-gallery-is-layout-flex\">\n<figure class=\"wp-block-image size-large\"><img loading=\"lazy\" decoding=\"async\" width=\"750\" height=\"490\" data-id=\"5031\" src=\"https:\/\/ethik-der-textkulturen.de\/etk\/wp-content\/uploads\/2026\/02\/WhatsApp-Image-2026-02-15-at-11.40.15-750x490.jpeg\" alt=\"\" class=\"wp-image-5031\" srcset=\"https:\/\/ethik-der-textkulturen.de\/etk\/wp-content\/uploads\/2026\/02\/WhatsApp-Image-2026-02-15-at-11.40.15-750x490.jpeg 750w, https:\/\/ethik-der-textkulturen.de\/etk\/wp-content\/uploads\/2026\/02\/WhatsApp-Image-2026-02-15-at-11.40.15-370x242.jpeg 370w, https:\/\/ethik-der-textkulturen.de\/etk\/wp-content\/uploads\/2026\/02\/WhatsApp-Image-2026-02-15-at-11.40.15-175x114.jpeg 175w, https:\/\/ethik-der-textkulturen.de\/etk\/wp-content\/uploads\/2026\/02\/WhatsApp-Image-2026-02-15-at-11.40.15-768x501.jpeg 768w, https:\/\/ethik-der-textkulturen.de\/etk\/wp-content\/uploads\/2026\/02\/WhatsApp-Image-2026-02-15-at-11.40.15-1536x1003.jpeg 1536w, https:\/\/ethik-der-textkulturen.de\/etk\/wp-content\/uploads\/2026\/02\/WhatsApp-Image-2026-02-15-at-11.40.15.jpeg 2048w\" sizes=\"(max-width: 750px) 100vw, 750px\" \/><\/figure>\n\n\n\n<figure class=\"wp-block-image size-large\"><img loading=\"lazy\" decoding=\"async\" width=\"750\" height=\"652\" data-id=\"5010\" src=\"https:\/\/ethik-der-textkulturen.de\/etk\/wp-content\/uploads\/2026\/01\/Winterkonzert-2026-kleiner-750x652.png\" alt=\"\" class=\"wp-image-5010\" srcset=\"https:\/\/ethik-der-textkulturen.de\/etk\/wp-content\/uploads\/2026\/01\/Winterkonzert-2026-kleiner-750x652.png 750w, https:\/\/ethik-der-textkulturen.de\/etk\/wp-content\/uploads\/2026\/01\/Winterkonzert-2026-kleiner-370x322.png 370w, https:\/\/ethik-der-textkulturen.de\/etk\/wp-content\/uploads\/2026\/01\/Winterkonzert-2026-kleiner-175x152.png 175w, https:\/\/ethik-der-textkulturen.de\/etk\/wp-content\/uploads\/2026\/01\/Winterkonzert-2026-kleiner-768x667.png 768w, https:\/\/ethik-der-textkulturen.de\/etk\/wp-content\/uploads\/2026\/01\/Winterkonzert-2026-kleiner-1536x1335.png 1536w, https:\/\/ethik-der-textkulturen.de\/etk\/wp-content\/uploads\/2026\/01\/Winterkonzert-2026-kleiner.png 1587w\" sizes=\"(max-width: 750px) 100vw, 750px\" \/><\/figure>\n<\/figure>\n\n\n\n<h3 class=\"wp-block-heading\"><a href=\"https:\/\/ethik-der-textkulturen.de\/etk\/1-august-2025-konzert-des-ensembles-der-taktkulturen\/\">Sommerkonzert 2025<\/a><\/h3>\n\n\n<div class=\"wp-block-image\">\n<figure class=\"aligncenter size-large\"><a href=\"https:\/\/ethik-der-textkulturen.de\/etk\/1-august-2025-konzert-des-ensembles-der-taktkulturen\/\"><img loading=\"lazy\" decoding=\"async\" width=\"530\" height=\"750\" src=\"https:\/\/ethik-der-textkulturen.de\/etk\/wp-content\/uploads\/2025\/06\/Plakat_Sommerkonzert-2025-530x750.png\" alt=\"\" class=\"wp-image-4948\" srcset=\"https:\/\/ethik-der-textkulturen.de\/etk\/wp-content\/uploads\/2025\/06\/Plakat_Sommerkonzert-2025-530x750.png 530w, https:\/\/ethik-der-textkulturen.de\/etk\/wp-content\/uploads\/2025\/06\/Plakat_Sommerkonzert-2025-262x370.png 262w, https:\/\/ethik-der-textkulturen.de\/etk\/wp-content\/uploads\/2025\/06\/Plakat_Sommerkonzert-2025-124x175.png 124w, https:\/\/ethik-der-textkulturen.de\/etk\/wp-content\/uploads\/2025\/06\/Plakat_Sommerkonzert-2025-768x1086.png 768w, https:\/\/ethik-der-textkulturen.de\/etk\/wp-content\/uploads\/2025\/06\/Plakat_Sommerkonzert-2025-1086x1536.png 1086w, https:\/\/ethik-der-textkulturen.de\/etk\/wp-content\/uploads\/2025\/06\/Plakat_Sommerkonzert-2025-1448x2048.png 1448w, https:\/\/ethik-der-textkulturen.de\/etk\/wp-content\/uploads\/2025\/06\/Plakat_Sommerkonzert-2025.png 1587w\" sizes=\"(max-width: 530px) 100vw, 530px\" \/><\/a><\/figure><\/div>\n\n\n<h3 class=\"wp-block-heading\"><a href=\"https:\/\/ethik-der-textkulturen.de\/etk\/konzert-des-ensembles-der-taktkulturen-am-21-februar-2025\/\" data-type=\"post\" data-id=\"4815\">Winterkonzert 2024\/25<\/a><\/h3>\n\n\n\n<figure class=\"wp-block-video\"><video controls src=\"https:\/\/ethik-der-textkulturen.de\/etk\/wp-content\/uploads\/2025\/04\/Lullaby-of-Birdland.mp4\"><\/video><figcaption class=\"wp-element-caption\">Lullaby of Birdland (George Shearing\/George David Weiss, Arr. Roger Emerson); Klavier: Heiner Bielefeldt<\/figcaption><\/figure>\n\n\n\n<figure class=\"wp-block-gallery has-nested-images columns-default is-cropped wp-block-gallery-2 is-layout-flex wp-block-gallery-is-layout-flex\">\n<figure class=\"wp-block-image size-large\"><img loading=\"lazy\" decoding=\"async\" width=\"750\" height=\"500\" data-id=\"4901\" src=\"https:\/\/ethik-der-textkulturen.de\/etk\/wp-content\/uploads\/2025\/04\/WhatsApp-Image-2025-04-22-at-15.48.35-1-750x500.jpeg\" alt=\"\" class=\"wp-image-4901\" srcset=\"https:\/\/ethik-der-textkulturen.de\/etk\/wp-content\/uploads\/2025\/04\/WhatsApp-Image-2025-04-22-at-15.48.35-1-750x500.jpeg 750w, https:\/\/ethik-der-textkulturen.de\/etk\/wp-content\/uploads\/2025\/04\/WhatsApp-Image-2025-04-22-at-15.48.35-1-370x247.jpeg 370w, https:\/\/ethik-der-textkulturen.de\/etk\/wp-content\/uploads\/2025\/04\/WhatsApp-Image-2025-04-22-at-15.48.35-1-175x117.jpeg 175w, https:\/\/ethik-der-textkulturen.de\/etk\/wp-content\/uploads\/2025\/04\/WhatsApp-Image-2025-04-22-at-15.48.35-1-768x512.jpeg 768w, https:\/\/ethik-der-textkulturen.de\/etk\/wp-content\/uploads\/2025\/04\/WhatsApp-Image-2025-04-22-at-15.48.35-1-1536x1024.jpeg 1536w, https:\/\/ethik-der-textkulturen.de\/etk\/wp-content\/uploads\/2025\/04\/WhatsApp-Image-2025-04-22-at-15.48.35-1-2048x1365.jpeg 2048w\" sizes=\"(max-width: 750px) 100vw, 750px\" \/><\/figure>\n\n\n\n<figure class=\"wp-block-image size-large\"><img loading=\"lazy\" decoding=\"async\" width=\"750\" height=\"532\" data-id=\"4899\" src=\"https:\/\/ethik-der-textkulturen.de\/etk\/wp-content\/uploads\/2025\/04\/WhatsApp-Image-2025-04-22-at-15.48.35-750x532.jpeg\" alt=\"\" class=\"wp-image-4899\" srcset=\"https:\/\/ethik-der-textkulturen.de\/etk\/wp-content\/uploads\/2025\/04\/WhatsApp-Image-2025-04-22-at-15.48.35-750x532.jpeg 750w, https:\/\/ethik-der-textkulturen.de\/etk\/wp-content\/uploads\/2025\/04\/WhatsApp-Image-2025-04-22-at-15.48.35-370x262.jpeg 370w, https:\/\/ethik-der-textkulturen.de\/etk\/wp-content\/uploads\/2025\/04\/WhatsApp-Image-2025-04-22-at-15.48.35-175x124.jpeg 175w, https:\/\/ethik-der-textkulturen.de\/etk\/wp-content\/uploads\/2025\/04\/WhatsApp-Image-2025-04-22-at-15.48.35-768x545.jpeg 768w, https:\/\/ethik-der-textkulturen.de\/etk\/wp-content\/uploads\/2025\/04\/WhatsApp-Image-2025-04-22-at-15.48.35-1536x1090.jpeg 1536w, https:\/\/ethik-der-textkulturen.de\/etk\/wp-content\/uploads\/2025\/04\/WhatsApp-Image-2025-04-22-at-15.48.35.jpeg 1748w\" sizes=\"(max-width: 750px) 100vw, 750px\" \/><\/figure>\n\n\n\n<figure class=\"wp-block-image size-large\"><img loading=\"lazy\" decoding=\"async\" width=\"750\" height=\"500\" data-id=\"4900\" src=\"https:\/\/ethik-der-textkulturen.de\/etk\/wp-content\/uploads\/2025\/04\/WhatsApp-Image-2025-04-22-at-15.48.36-750x500.jpeg\" alt=\"\" class=\"wp-image-4900\" srcset=\"https:\/\/ethik-der-textkulturen.de\/etk\/wp-content\/uploads\/2025\/04\/WhatsApp-Image-2025-04-22-at-15.48.36-750x500.jpeg 750w, https:\/\/ethik-der-textkulturen.de\/etk\/wp-content\/uploads\/2025\/04\/WhatsApp-Image-2025-04-22-at-15.48.36-370x247.jpeg 370w, https:\/\/ethik-der-textkulturen.de\/etk\/wp-content\/uploads\/2025\/04\/WhatsApp-Image-2025-04-22-at-15.48.36-175x117.jpeg 175w, https:\/\/ethik-der-textkulturen.de\/etk\/wp-content\/uploads\/2025\/04\/WhatsApp-Image-2025-04-22-at-15.48.36-768x512.jpeg 768w, https:\/\/ethik-der-textkulturen.de\/etk\/wp-content\/uploads\/2025\/04\/WhatsApp-Image-2025-04-22-at-15.48.36-1536x1024.jpeg 1536w, https:\/\/ethik-der-textkulturen.de\/etk\/wp-content\/uploads\/2025\/04\/WhatsApp-Image-2025-04-22-at-15.48.36-2048x1365.jpeg 2048w\" sizes=\"(max-width: 750px) 100vw, 750px\" \/><\/figure>\n<\/figure>\n\n\n\n<h3 class=\"wp-block-heading\"><a href=\"https:\/\/ethik-der-textkulturen.de\/etk\/konzert-des-ensembles-der-taktkulturen-am-17-juli-2024\/\" data-type=\"post\" data-id=\"4727\">Sommerkonzert 2024<\/a><\/h3>\n\n\n\n<figure class=\"wp-block-video\"><video controls src=\"https:\/\/ethik-der-textkulturen.de\/etk\/wp-content\/uploads\/2025\/04\/Cantina-band_konvertiert.mp4\"><\/video><figcaption class=\"wp-element-caption\">Cantina Band (John Williams, Arr. Tony Esposito)<\/figcaption><\/figure>\n\n\n\n<figure class=\"wp-block-gallery has-nested-images columns-default is-cropped wp-block-gallery-3 is-layout-flex wp-block-gallery-is-layout-flex\">\n<figure class=\"wp-block-image size-large\"><img loading=\"lazy\" decoding=\"async\" width=\"750\" height=\"500\" data-id=\"4905\" src=\"https:\/\/ethik-der-textkulturen.de\/etk\/wp-content\/uploads\/2025\/04\/WhatsApp-Image-2025-04-22-at-15.53.26-750x500.jpeg\" alt=\"\" class=\"wp-image-4905\" srcset=\"https:\/\/ethik-der-textkulturen.de\/etk\/wp-content\/uploads\/2025\/04\/WhatsApp-Image-2025-04-22-at-15.53.26-750x500.jpeg 750w, https:\/\/ethik-der-textkulturen.de\/etk\/wp-content\/uploads\/2025\/04\/WhatsApp-Image-2025-04-22-at-15.53.26-370x247.jpeg 370w, https:\/\/ethik-der-textkulturen.de\/etk\/wp-content\/uploads\/2025\/04\/WhatsApp-Image-2025-04-22-at-15.53.26-175x117.jpeg 175w, https:\/\/ethik-der-textkulturen.de\/etk\/wp-content\/uploads\/2025\/04\/WhatsApp-Image-2025-04-22-at-15.53.26-768x512.jpeg 768w, https:\/\/ethik-der-textkulturen.de\/etk\/wp-content\/uploads\/2025\/04\/WhatsApp-Image-2025-04-22-at-15.53.26-1536x1024.jpeg 1536w, https:\/\/ethik-der-textkulturen.de\/etk\/wp-content\/uploads\/2025\/04\/WhatsApp-Image-2025-04-22-at-15.53.26.jpeg 1920w\" sizes=\"(max-width: 750px) 100vw, 750px\" \/><\/figure>\n\n\n\n<figure class=\"wp-block-image size-large\"><img loading=\"lazy\" decoding=\"async\" width=\"750\" height=\"530\" data-id=\"4904\" src=\"https:\/\/ethik-der-textkulturen.de\/etk\/wp-content\/uploads\/2025\/04\/Konzert-Plakat-750x530.jpeg\" alt=\"\" class=\"wp-image-4904\" srcset=\"https:\/\/ethik-der-textkulturen.de\/etk\/wp-content\/uploads\/2025\/04\/Konzert-Plakat-750x530.jpeg 750w, https:\/\/ethik-der-textkulturen.de\/etk\/wp-content\/uploads\/2025\/04\/Konzert-Plakat-370x262.jpeg 370w, https:\/\/ethik-der-textkulturen.de\/etk\/wp-content\/uploads\/2025\/04\/Konzert-Plakat-175x124.jpeg 175w, https:\/\/ethik-der-textkulturen.de\/etk\/wp-content\/uploads\/2025\/04\/Konzert-Plakat-768x543.jpeg 768w, https:\/\/ethik-der-textkulturen.de\/etk\/wp-content\/uploads\/2025\/04\/Konzert-Plakat-1536x1086.jpeg 1536w, https:\/\/ethik-der-textkulturen.de\/etk\/wp-content\/uploads\/2025\/04\/Konzert-Plakat.jpeg 1600w\" sizes=\"(max-width: 750px) 100vw, 750px\" \/><\/figure>\n<\/figure>\n\n\n\n<h3 class=\"wp-block-heading\"><a href=\"https:\/\/ethik-der-textkulturen.de\/etk\/konzert-ensemble-der-taktkulturen-am-14-februar-2024\/\" data-type=\"post\" data-id=\"4573\">Winterkonzert 2023\/24<\/a> <\/h3>\n\n\n\n<figure class=\"wp-block-gallery has-nested-images columns-default is-cropped wp-block-gallery-4 is-layout-flex wp-block-gallery-is-layout-flex\">\n<figure class=\"wp-block-image size-large\"><img loading=\"lazy\" decoding=\"async\" width=\"563\" height=\"750\" data-id=\"4907\" src=\"https:\/\/ethik-der-textkulturen.de\/etk\/wp-content\/uploads\/2025\/04\/IMG_3233-563x750.jpeg\" alt=\"\" class=\"wp-image-4907\" srcset=\"https:\/\/ethik-der-textkulturen.de\/etk\/wp-content\/uploads\/2025\/04\/IMG_3233-563x750.jpeg 563w, https:\/\/ethik-der-textkulturen.de\/etk\/wp-content\/uploads\/2025\/04\/IMG_3233-278x370.jpeg 278w, https:\/\/ethik-der-textkulturen.de\/etk\/wp-content\/uploads\/2025\/04\/IMG_3233-131x175.jpeg 131w, https:\/\/ethik-der-textkulturen.de\/etk\/wp-content\/uploads\/2025\/04\/IMG_3233-768x1024.jpeg 768w, https:\/\/ethik-der-textkulturen.de\/etk\/wp-content\/uploads\/2025\/04\/IMG_3233-1152x1536.jpeg 1152w, https:\/\/ethik-der-textkulturen.de\/etk\/wp-content\/uploads\/2025\/04\/IMG_3233-1536x2048.jpeg 1536w, https:\/\/ethik-der-textkulturen.de\/etk\/wp-content\/uploads\/2025\/04\/IMG_3233-scaled.jpeg 1920w\" sizes=\"(max-width: 563px) 100vw, 563px\" \/><\/figure>\n\n\n\n<figure class=\"wp-block-image size-large\"><img loading=\"lazy\" decoding=\"async\" width=\"530\" height=\"750\" data-id=\"4910\" src=\"https:\/\/ethik-der-textkulturen.de\/etk\/wp-content\/uploads\/2025\/04\/Plakat_Konzert-530x750.jpg\" alt=\"\" class=\"wp-image-4910\" srcset=\"https:\/\/ethik-der-textkulturen.de\/etk\/wp-content\/uploads\/2025\/04\/Plakat_Konzert-530x750.jpg 530w, https:\/\/ethik-der-textkulturen.de\/etk\/wp-content\/uploads\/2025\/04\/Plakat_Konzert-262x370.jpg 262w, https:\/\/ethik-der-textkulturen.de\/etk\/wp-content\/uploads\/2025\/04\/Plakat_Konzert-124x175.jpg 124w, https:\/\/ethik-der-textkulturen.de\/etk\/wp-content\/uploads\/2025\/04\/Plakat_Konzert-768x1086.jpg 768w, https:\/\/ethik-der-textkulturen.de\/etk\/wp-content\/uploads\/2025\/04\/Plakat_Konzert-1086x1536.jpg 1086w, https:\/\/ethik-der-textkulturen.de\/etk\/wp-content\/uploads\/2025\/04\/Plakat_Konzert-1448x2048.jpg 1448w, https:\/\/ethik-der-textkulturen.de\/etk\/wp-content\/uploads\/2025\/04\/Plakat_Konzert.jpg 1587w\" sizes=\"(max-width: 530px) 100vw, 530px\" \/><\/figure>\n\n\n\n<figure class=\"wp-block-image size-large\"><img loading=\"lazy\" decoding=\"async\" width=\"563\" height=\"750\" data-id=\"4908\" src=\"https:\/\/ethik-der-textkulturen.de\/etk\/wp-content\/uploads\/2025\/04\/IMG_3219-563x750.jpeg\" alt=\"\" class=\"wp-image-4908\" srcset=\"https:\/\/ethik-der-textkulturen.de\/etk\/wp-content\/uploads\/2025\/04\/IMG_3219-563x750.jpeg 563w, https:\/\/ethik-der-textkulturen.de\/etk\/wp-content\/uploads\/2025\/04\/IMG_3219-278x370.jpeg 278w, https:\/\/ethik-der-textkulturen.de\/etk\/wp-content\/uploads\/2025\/04\/IMG_3219-131x175.jpeg 131w, https:\/\/ethik-der-textkulturen.de\/etk\/wp-content\/uploads\/2025\/04\/IMG_3219-768x1024.jpeg 768w, https:\/\/ethik-der-textkulturen.de\/etk\/wp-content\/uploads\/2025\/04\/IMG_3219-1152x1536.jpeg 1152w, https:\/\/ethik-der-textkulturen.de\/etk\/wp-content\/uploads\/2025\/04\/IMG_3219-1536x2048.jpeg 1536w, https:\/\/ethik-der-textkulturen.de\/etk\/wp-content\/uploads\/2025\/04\/IMG_3219-scaled.jpeg 1920w\" sizes=\"(max-width: 563px) 100vw, 563px\" \/><\/figure>\n\n\n\n<figure class=\"wp-block-image size-large\"><img loading=\"lazy\" decoding=\"async\" width=\"2560\" height=\"1920\" data-id=\"4911\" src=\"https:\/\/ethik-der-textkulturen.de\/etk\/wp-content\/uploads\/2025\/04\/IMG_3256-edited-scaled.jpeg\" alt=\"\" class=\"wp-image-4911\" srcset=\"https:\/\/ethik-der-textkulturen.de\/etk\/wp-content\/uploads\/2025\/04\/IMG_3256-edited-scaled.jpeg 2560w, https:\/\/ethik-der-textkulturen.de\/etk\/wp-content\/uploads\/2025\/04\/IMG_3256-edited-370x278.jpeg 370w, https:\/\/ethik-der-textkulturen.de\/etk\/wp-content\/uploads\/2025\/04\/IMG_3256-edited-750x563.jpeg 750w, https:\/\/ethik-der-textkulturen.de\/etk\/wp-content\/uploads\/2025\/04\/IMG_3256-edited-175x131.jpeg 175w, https:\/\/ethik-der-textkulturen.de\/etk\/wp-content\/uploads\/2025\/04\/IMG_3256-edited-768x576.jpeg 768w, https:\/\/ethik-der-textkulturen.de\/etk\/wp-content\/uploads\/2025\/04\/IMG_3256-edited-1536x1152.jpeg 1536w, https:\/\/ethik-der-textkulturen.de\/etk\/wp-content\/uploads\/2025\/04\/IMG_3256-edited-2048x1536.jpeg 2048w, https:\/\/ethik-der-textkulturen.de\/etk\/wp-content\/uploads\/2025\/04\/IMG_3256-edited-678x509.jpeg 678w, https:\/\/ethik-der-textkulturen.de\/etk\/wp-content\/uploads\/2025\/04\/IMG_3256-edited-326x245.jpeg 326w, https:\/\/ethik-der-textkulturen.de\/etk\/wp-content\/uploads\/2025\/04\/IMG_3256-edited-80x60.jpeg 80w\" sizes=\"(max-width: 2560px) 100vw, 2560px\" \/><\/figure>\n<\/figure>\n","protected":false},"excerpt":{"rendered":"<div class=\"mh-excerpt\"><p>Herzlich willkommen beim Ensemble der Taktkulturen! Wir aktive und ehemalige Studierende von Ethik der Textkulturen in Erlangen haben uns mit ein paar Freund:innen zusammengetan und <a class=\"mh-excerpt-more\" href=\"https:\/\/ethik-der-textkulturen.de\/etk\/ueber-uns\/ensemble-der-taktkulturen\/\" title=\"Ensemble der Taktkulturen\">[&#8230;]<\/a><\/p>\n<\/div>","protected":false},"author":20,"featured_media":0,"parent":2581,"menu_order":6,"comment_status":"closed","ping_status":"closed","template":"","meta":{"footnotes":""},"_links":{"self":[{"href":"https:\/\/ethik-der-textkulturen.de\/etk\/wp-json\/wp\/v2\/pages\/4874"}],"collection":[{"href":"https:\/\/ethik-der-textkulturen.de\/etk\/wp-json\/wp\/v2\/pages"}],"about":[{"href":"https:\/\/ethik-der-textkulturen.de\/etk\/wp-json\/wp\/v2\/types\/page"}],"author":[{"embeddable":true,"href":"https:\/\/ethik-der-textkulturen.de\/etk\/wp-json\/wp\/v2\/users\/20"}],"replies":[{"embeddable":true,"href":"https:\/\/ethik-der-textkulturen.de\/etk\/wp-json\/wp\/v2\/comments?post=4874"}],"version-history":[{"count":31,"href":"https:\/\/ethik-der-textkulturen.de\/etk\/wp-json\/wp\/v2\/pages\/4874\/revisions"}],"predecessor-version":[{"id":5056,"href":"https:\/\/ethik-der-textkulturen.de\/etk\/wp-json\/wp\/v2\/pages\/4874\/revisions\/5056"}],"up":[{"embeddable":true,"href":"https:\/\/ethik-der-textkulturen.de\/etk\/wp-json\/wp\/v2\/pages\/2581"}],"wp:attachment":[{"href":"https:\/\/ethik-der-textkulturen.de\/etk\/wp-json\/wp\/v2\/media?parent=4874"}],"curies":[{"name":"wp","href":"https:\/\/api.w.org\/{rel}","templated":true}]}}