{"id":4785,"date":"2024-10-17T15:14:10","date_gmt":"2024-10-17T13:14:10","guid":{"rendered":"https:\/\/ethik-der-textkulturen.de\/etk\/?page_id=4785"},"modified":"2024-10-17T15:18:05","modified_gmt":"2024-10-17T13:18:05","slug":"prof-dr-franziska-bergmann","status":"publish","type":"page","link":"https:\/\/ethik-der-textkulturen.de\/etk\/ueber-uns\/mitarbeiterinnen\/prof-dr-franziska-bergmann\/","title":{"rendered":"Prof. Dr. Franziska Bergmann"},"content":{"rendered":"\n<div class=\"wp-block-media-text has-media-on-the-right is-stacked-on-mobile\" style=\"grid-template-columns:auto 48%\"><div class=\"wp-block-media-text__content\">\n<p>Lehrstuhl f\u00fcr Neuere deutsche Literatur mit komparatistischem Schwerpunkt (Friedrich-Alexander-Universit\u00e4t Erlangen-N\u00fcrnberg)<\/p>\n\n\n\n<p>E-Mail: <a href=\"mailto:ndl.bergmann@fau.de\">ndl.bergmann@fau.de<\/a><br>T +49 9131 85-29349<br>Zimmer: B 408 (Erlangen)<br>Sprechzeit: Mi 14:00\u201315:00, ausschlie\u00dflich nach schriftlicher Voranmeldung<\/p>\n\n\n\n<p><a href=\"https:\/\/www.germanistik.phil.fau.de\/person\/prof-dr-franziska-bergmann\/\">Website<\/a><\/p>\n<\/div><figure class=\"wp-block-media-text__media\"><img loading=\"lazy\" decoding=\"async\" width=\"220\" height=\"220\" src=\"https:\/\/ethik-der-textkulturen.de\/etk\/wp-content\/uploads\/2024\/10\/Bergmann-HP_Foto-scaled-e1692266044466.jpg\" alt=\"\" class=\"wp-image-4787 size-full\" srcset=\"https:\/\/ethik-der-textkulturen.de\/etk\/wp-content\/uploads\/2024\/10\/Bergmann-HP_Foto-scaled-e1692266044466.jpg 220w, https:\/\/ethik-der-textkulturen.de\/etk\/wp-content\/uploads\/2024\/10\/Bergmann-HP_Foto-scaled-e1692266044466-175x175.jpg 175w\" sizes=\"(max-width: 220px) 100vw, 220px\" \/><\/figure><\/div>\n","protected":false},"excerpt":{"rendered":"<div class=\"mh-excerpt\"><p>Lehrstuhl f\u00fcr Neuere deutsche Literatur mit komparatistischem Schwerpunkt (Friedrich-Alexander-Universit\u00e4t Erlangen-N\u00fcrnberg) E-Mail: ndl.bergmann@fau.deT +49 9131 85-29349Zimmer: B 408 (Erlangen)Sprechzeit: Mi 14:00\u201315:00, ausschlie\u00dflich nach schriftlicher Voranmeldung Website<\/p>\n<\/div>","protected":false},"author":20,"featured_media":0,"parent":2619,"menu_order":0,"comment_status":"closed","ping_status":"closed","template":"","meta":{"footnotes":""},"_links":{"self":[{"href":"https:\/\/ethik-der-textkulturen.de\/etk\/wp-json\/wp\/v2\/pages\/4785"}],"collection":[{"href":"https:\/\/ethik-der-textkulturen.de\/etk\/wp-json\/wp\/v2\/pages"}],"about":[{"href":"https:\/\/ethik-der-textkulturen.de\/etk\/wp-json\/wp\/v2\/types\/page"}],"author":[{"embeddable":true,"href":"https:\/\/ethik-der-textkulturen.de\/etk\/wp-json\/wp\/v2\/users\/20"}],"replies":[{"embeddable":true,"href":"https:\/\/ethik-der-textkulturen.de\/etk\/wp-json\/wp\/v2\/comments?post=4785"}],"version-history":[{"count":6,"href":"https:\/\/ethik-der-textkulturen.de\/etk\/wp-json\/wp\/v2\/pages\/4785\/revisions"}],"predecessor-version":[{"id":4793,"href":"https:\/\/ethik-der-textkulturen.de\/etk\/wp-json\/wp\/v2\/pages\/4785\/revisions\/4793"}],"up":[{"embeddable":true,"href":"https:\/\/ethik-der-textkulturen.de\/etk\/wp-json\/wp\/v2\/pages\/2619"}],"wp:attachment":[{"href":"https:\/\/ethik-der-textkulturen.de\/etk\/wp-json\/wp\/v2\/media?parent=4785"}],"curies":[{"name":"wp","href":"https:\/\/api.w.org\/{rel}","templated":true}]}}

<div class="wp-block-media-text has-media-on-the-right is-stacked-on-mobile" style="grid-template-columns:auto 48%"><div class="wp-block-media-text__content">
<p>Lehrstuhl für Neuere deutsche Literatur mit komparatistischem Schwerpunkt (Friedrich-Alexander-Universität Erlangen-Nürnberg)</p>



<p>E-Mail: <a href="mailto:ndl.bergmann@fau.de">ndl.bergmann@fau.de</a><br>T +49 9131 85-29349<br>Zimmer: B 408 (Erlangen)<br>Sprechzeit: Mi 14:00–15:00, ausschließlich nach schriftlicher Voranmeldung</p>



<p><a href="https://www.germanistik.phil.fau.de/person/prof-dr-franziska-bergmann/">Website</a></p>
</div><figure class="wp-block-media-text__media"><img loading="lazy" decoding="async" width="220" height="220" src="https://ethik-der-textkulturen.de/etk/wp-content/uploads/2024/10/Bergmann-HP_Foto-scaled-e1692266044466.jpg" alt="" class="wp-image-4787 size-full" srcset="https://ethik-der-textkulturen.de/etk/wp-content/uploads/2024/10/Bergmann-HP_Foto-scaled-e1692266044466.jpg 220w, https://ethik-der-textkulturen.de/etk/wp-content/uploads/2024/10/Bergmann-HP_Foto-scaled-e1692266044466-175x175.jpg 175w" sizes="(max-width: 220px) 100vw, 220px" /></figure></div>

<div class="mh-excerpt"><p>Lehrstuhl für Neuere deutsche Literatur mit komparatistischem Schwerpunkt (Friedrich-Alexander-Universität Erlangen-Nürnberg) E-Mail: ndl.bergmann@fau.deT +49 9131 85-29349Zimmer: B 408 (Erlangen)Sprechzeit: Mi 14:00–15:00, ausschließlich nach schriftlicher Voranmeldung Website</p>
</div>
