{"id":2990,"date":"2020-04-04T13:11:36","date_gmt":"2020-04-04T11:11:36","guid":{"rendered":"https:\/\/kokoromi.philhist.uni-augsburg.de\/ethik-der-textkulturen.de\/?page_id=2990"},"modified":"2022-10-05T15:38:22","modified_gmt":"2022-10-05T13:38:22","slug":"kurz-buendig","status":"publish","type":"page","link":"https:\/\/ethik-der-textkulturen.de\/etk\/ueber-uns\/kurz-buendig\/","title":{"rendered":"Kurz &#038; b\u00fcndig"},"content":{"rendered":"\n<h3 class=\"has-vivid-cyan-blue-color has-text-color wp-block-heading\">Imagefilm<\/h3>\n\n\n\n<figure class=\"wp-block-embed is-type-video is-provider-youtube wp-block-embed-youtube wp-embed-aspect-16-9 wp-has-aspect-ratio\"><div class=\"wp-block-embed__wrapper\">\n<iframe loading=\"lazy\" title=\"Ethik der Textkulturen - Imagefilm\" width=\"500\" height=\"281\" src=\"https:\/\/www.youtube.com\/embed\/-C_C-nvpoCE?feature=oembed\" frameborder=\"0\" allow=\"accelerometer; autoplay; clipboard-write; encrypted-media; gyroscope; picture-in-picture\" allowfullscreen><\/iframe>\n<\/div><\/figure>\n\n\n\n<h3 class=\"has-vivid-cyan-blue-color has-text-color wp-block-heading\">Was ist \u201eEthik der Textkulturen\u201c?<\/h3>\n\n\n\n<figure class=\"wp-block-embed is-type-video is-provider-youtube wp-block-embed-youtube wp-embed-aspect-16-9 wp-has-aspect-ratio\"><div class=\"wp-block-embed__wrapper\">\n<iframe loading=\"lazy\" title=\"Was ist Ethik der Textkulturen?\" width=\"500\" height=\"281\" src=\"https:\/\/www.youtube.com\/embed\/qolxI9Do8uw?feature=oembed\" frameborder=\"0\" allow=\"accelerometer; autoplay; clipboard-write; encrypted-media; gyroscope; picture-in-picture\" allowfullscreen><\/iframe>\n<\/div><\/figure>\n\n\n\n<p>\u201eEthik der Textkulturen\u201c ist ein innovativer Studiengang, der Literatur- und Sprachwissenschaften, Kulturgeschichte, Theologie und Philosophie vereint. Er reflektiert die vielf\u00e4ltigen Verschr\u00e4nkungen von Ethik, Textualit\u00e4t und Kultur in Vergangenheit und Gegenwart, Theorie und Lebenswelt.<\/p>\n\n\n\n<p>\u201eEthik der Textkulturen\u201c fragt nach der ethischen Dimension von Texten aus unterschiedlichsten Bereichen und Gattungen. Aber auch nach der sprachlichen Dimension der Ethik, nach der Sprachgestalt und Rhetorik historischer wie aktueller ethischer \u00dcberzeugungen und Urteilsfindungen.<\/p>\n\n\n\n<p>Eine weiterf\u00fchrende Konzeption des Studiengangs k\u00f6nnen Sie hier herunterladen: <a href=\"https:\/\/ethik-der-textkulturen.de\/etk\/wp-content\/uploads\/2013\/02\/EdT-Konzeption.pdf\">Konzeption<\/a><\/p>\n\n\n\n<div style=\"height:20px\" aria-hidden=\"true\" class=\"wp-block-spacer\"><\/div>\n\n\n\n<h3 class=\"has-vivid-cyan-blue-color has-text-color wp-block-heading\">An wen richtet sich \u201eEthik der Textkulturen\u201c?<\/h3>\n\n\n\n<figure class=\"wp-block-embed is-type-video is-provider-youtube wp-block-embed-youtube wp-embed-aspect-16-9 wp-has-aspect-ratio\"><div class=\"wp-block-embed__wrapper\">\n<iframe loading=\"lazy\" title=\"Wer sollte Ethik der Textkulturen studieren?\" width=\"500\" height=\"281\" src=\"https:\/\/www.youtube.com\/embed\/f4QLAvefeNM?feature=oembed\" frameborder=\"0\" allow=\"accelerometer; autoplay; clipboard-write; encrypted-media; gyroscope; picture-in-picture\" allowfullscreen><\/iframe>\n<\/div><\/figure>\n\n\n\n<p>Der Studiengang \u201eEthik der Textkulturen\u201c richtet sich an engagierte Studierende mit Interesse an ethischen Fragestellungen und Neugier darauf, eingespielte F\u00e4chergrenzen zu \u00fcberschreiten.<\/p>\n\n\n\n<p>Er bietet eine anspruchsvolle Qualifikation f\u00fcr alle, die wissenschaftlich mit der Auslegung und Vermittlung von Texten oder mit ethischen Fragestellungen umgehen wollen, die sich im \u00f6ffentlichen Leben mit Fragen der Ethik befassen und in unserer Gesellschaft Verantwortung \u00fcbernehmen m\u00f6chten.<\/p>\n\n\n\n<p>Der Studiengang \u201eEthik der Textkulturen\u201c will in einer Zeit, in der ethische Herausforderungen innerhalb und zwischen den Kulturen besonders dr\u00e4ngend sind, grundlegende Kompetenzen f\u00fcr den differenzierten Umgang mit ethischen Problemstellungen vermitteln.<\/p>\n\n\n\n<div style=\"height:20px\" aria-hidden=\"true\" class=\"wp-block-spacer\"><\/div>\n\n\n\n<h3 class=\"has-vivid-cyan-blue-color has-text-color wp-block-heading\">Wie ist das Studium aufgebaut?<\/h3>\n\n\n\n<p>\u201eEthik der Textkulturen\u201c ist ein modularisierter Studiengang, der in vier Semestern zum Masterabschluss f\u00fchrt. Schwerpunkte sind unter anderem: \u201eGeschichte und Theorie der Ethik\u201c, \u201eNormativit\u00e4t und Narrativit\u00e4t\u201c und \u201eSprach-, kommunikations- und medienwissenschaftliche Aspekte der Normbildung\u201c.<\/p>\n\n\n\n<p>Studierende entscheiden sich f\u00fcr einen der beiden Studienstandorte Augsburg und Erlangen, die durch Workshops und Dozentenaustausch vernetzt sind.<\/p>\n\n\n\n<div style=\"height:20px\" aria-hidden=\"true\" class=\"wp-block-spacer\"><\/div>\n\n\n\n<h3 class=\"has-vivid-cyan-blue-color has-text-color wp-block-heading\">Wo kann &#8222;Ethik der Textkulturen&#8220; studiert werden?<\/h3>\n\n\n\n<p>An der <a rel=\"noreferrer noopener\" href=\"https:\/\/www.uni-augsburg.de\/de\/\" target=\"_blank\">Universit\u00e4t Augsburg<\/a> und an der <a href=\"https:\/\/www.fau.de\/\" target=\"_blank\" rel=\"noreferrer noopener\">Friedrich-Alexander-Universit\u00e4t Erlangen-N\u00fcrnberg<\/a>.<\/p>\n","protected":false},"excerpt":{"rendered":"<div class=\"mh-excerpt\"><p>Imagefilm Was ist \u201eEthik der Textkulturen\u201c? \u201eEthik der Textkulturen\u201c ist ein innovativer Studiengang, der Literatur- und Sprachwissenschaften, Kulturgeschichte, Theologie und Philosophie vereint. Er reflektiert die <a class=\"mh-excerpt-more\" href=\"https:\/\/ethik-der-textkulturen.de\/etk\/ueber-uns\/kurz-buendig\/\" title=\"Kurz &#038; b\u00fcndig\">[&#8230;]<\/a><\/p>\n<\/div>","protected":false},"author":10,"featured_media":0,"parent":2581,"menu_order":0,"comment_status":"closed","ping_status":"closed","template":"","meta":{"footnotes":""},"_links":{"self":[{"href":"https:\/\/ethik-der-textkulturen.de\/etk\/wp-json\/wp\/v2\/pages\/2990"}],"collection":[{"href":"https:\/\/ethik-der-textkulturen.de\/etk\/wp-json\/wp\/v2\/pages"}],"about":[{"href":"https:\/\/ethik-der-textkulturen.de\/etk\/wp-json\/wp\/v2\/types\/page"}],"author":[{"embeddable":true,"href":"https:\/\/ethik-der-textkulturen.de\/etk\/wp-json\/wp\/v2\/users\/10"}],"replies":[{"embeddable":true,"href":"https:\/\/ethik-der-textkulturen.de\/etk\/wp-json\/wp\/v2\/comments?post=2990"}],"version-history":[{"count":5,"href":"https:\/\/ethik-der-textkulturen.de\/etk\/wp-json\/wp\/v2\/pages\/2990\/revisions"}],"predecessor-version":[{"id":4067,"href":"https:\/\/ethik-der-textkulturen.de\/etk\/wp-json\/wp\/v2\/pages\/2990\/revisions\/4067"}],"up":[{"embeddable":true,"href":"https:\/\/ethik-der-textkulturen.de\/etk\/wp-json\/wp\/v2\/pages\/2581"}],"wp:attachment":[{"href":"https:\/\/ethik-der-textkulturen.de\/etk\/wp-json\/wp\/v2\/media?parent=2990"}],"curies":[{"name":"wp","href":"https:\/\/api.w.org\/{rel}","templated":true}]}}